
-7
Evaluate -8 - (-3 + (2 - 1) + -1).
-5
0 + 0 - (0 + 4 + -2)
-2
What is 6 - 0 - (3 - (7 - 5))?
5
What is -1 + 2 - (5 - 2) - -4?
2
Evaluate (-3 - 3) + (-15 - -22).
1
Calculate -4 + -5 + 14 - (0 - -2).
3
What is the value of (-6 + 7 - -4) + -9?
-4
1 + (-10 - -14) + -1
4
What is 2 + -9 + 2 + 1?
-4
8 - (-4 + 9) - 1
2
Calculate -1 - 1 - (-25 + 1 + 17).
5
Evaluate -3 - (-2 + 0 - (9 + -12)).
-4
What is the value of -7 + -3 - -5 - -4?
-1
Evaluate (3 - 6) + 10 + -2.
5
What is (8 - 3) + 1 + -2?
4
What is the value of -6 + 1 + 4 + -5?
-6
What is -1 + (-1 + 10 + 4 - 7)?
5
What is the value of (2 + 3 - 5) + -1?
-1
(-18 - -6 - -20) + -1 + 0
7
-1 + -3 + (-32 - -35)
-1
2 - -1 - (0 - -1 - -1)
1
What is -5 - (2 - 2) - -8 - 1?
2
Evaluate -4 - ((-4 - -2) + -12 + 10).
0
What is (0 - -1) + (-5 + 9 - 7)?
-2
Evaluate (2 - (11 - 15)) + 1 + -11.
-4
What is the value of -4 - (-2 + (5 - 9) + -4)?
6
What is the value of 1 - (5 + -7) - 9?
-6
Evaluate -5 - (-3 - (3 + -6 - 0)).
-5
Evaluate 21 - 30 - (-5 + 1) - -6.
1
What is -5 + (4 - 0) + 5 + -2?
2
What is -10 + -8 + 11 + 9?
2
0 + 2 - (-7 + -7 + 13)
3
What is -4 - (11 - 3 - 17)?
5
What is 1 + (-4 - (-9 - -3)) - 1?
2
Calculate -27 + 24 - (-1 + 0).
-2
Evaluate 0 - (4 - (-2 + 4 - -5)).
3
What is (1 - -3) + (1 - -1) + -6?
0
What is -8 + (-5 - (8 - 21))?
0
Evaluate 9 + (0 - 8) - (5 + 1).
-5
-11 + 8 - (-3 + -1)
1
What is (1 - 1 - -2) + (2 - 1)?
3
What is 6 - 8 - (-3 + 10 - 1)?
-8
Evaluate 14 - (-5 + 16) - -6.
9
-2 + 0 - (-14 - -9 - 3)
6
What is 5 + (1 - -2) + (0 - 4)?
4
Evaluate 1 + -7 + -104 + 104.
-6
-6 - -6 - (-2 + 0 + 0)
2
What is the value of (26 - 14 - 11) + 8?
9
Calculate 9 - (17 + (-7 - 0)).
-1
What is the value of (-2 - -2) + (6 - 2) - 3?
1
What is (-4 - -1) + (-3 - 0) + 1?
-5
What is the value of (0 - 5) + (-20 + 13 - -14)?
2
Evaluate 1 + 0 - (-31 - 2 - -26).
8
0 - (-1 - (0 + -4 + 1))
-2
Calculate -34 + 32 - (-7 + -1).
6
What is (-1 + 8 - (-1 - -5)) + -11?
-8
What is 4 - (8 + 1 + -7)?
2
What is (13 - 8) + -11 + 6?
0
What is -3 - (2 - (-1 - -7)) - -2?
3
What is the value of -3 + 2 + (0 - -1) + -4?
-4
1 + -4 + 0 - -3 - 1
-1
Evaluate -9 + 2 - -5 - -4.
2
Calculate 1 - 0 - (0 + 5).
-4
Evaluate (10 - -6) + -9 - 7.
0
What is the value of 0 + (5 - (-4 + 19 + -7))?
-3
Calculate 2 - 2 - (-18 + 9 + 16).
-7
Calculate 0 + (-9 - (-7 + 0)).
-2
Evaluate 1 + 1 - (-5 - -2 - -2).
3
Calculate (4 + -2 - -1) + -8 + 1.
-4
-3 + 11 + (0 - (3 - -8))
-3
(-4 - (-1 + -4)) + -4 + 2
-1
What is 2 + -1 + -7 + 11 - -2?
7
What is (-3 - -2) + 1 + 4?
4
Calculate 1 - ((-14 - -9) + 9).
-3
Evaluate (6 - 6) + (1 - 0).
1
Calculate (-6 - (-3 - 0)) + 9.
6
Evaluate -7 - (-7 - -8 - 11).
3
-11 - (10 - 1 - (6 - -9))
-5
What is -4 - (3 + (-4 - (-5 + 3)))?
-5
Evaluate 2 + (9 - 18 - -6).
-1
Evaluate 2 + -2 + 3 - 2.
1
What is 3 + 1 + (-11 - -2)?
-5
Evaluate -5 - ((-3 - -2) + -6).
2
Evaluate -4 - (4 - (-2 + 10)) - 6.
-6
What is 0 + (-3 - 0) + 7?
4
Evaluate 0 + (4 - 0 - 1) + -5.
-2
(0 - 6) + 0 + 7
1
Calculate 5 - 17 - -6 - -3.
-3
Evaluate 3 - (4 + (0 - -4)).
-5
-5 + 10 + -6 - -4 - 4
-1
5 - (-26 + 13 - -12)
6
Evaluate (-54 - -57) + (-7 - -1).
-3
-1 + -3 - (-5 - -1)
0
What is -4 + (0 - -3 - 0) + 4?
3
What is 4 - (6 - 2 - 4)?
4
What is the value of -9 + (11 - 4 - -3)?
1
Calculate 4 - (5 - (2 - -5 - 0)).
6
Calculate (0 - 2) + -1 + 1 - 1.
-3
What is -1 + -8 - -7 - -3?
1
Calculate 0 - 10 - -4 - (-6 + -3).
3
Evaluate 1 + 2 + -1 - (-5 - -12).
-5
Calculate 0 + 5 - (4 - (13 + -10)).
4
-5 + -5 + 10 + (-2 - 0)
-2
Evaluate (-2 + 2 - -4 - 7) + 1.
-2
0 - 3 - (-16 + 11 + 0)
2
Evaluate 10 - (4 + -5) - (1 + 5).
5
28 - 32 - (-2 - (0 + 0))
-2
What is the value of 0 - 0 - 4 - -1?
-3
What is the value of -4 + (0 + 3 - (2 - 1))?
-2
What is (15 - (13 + -5)) + -5?
2
-2 + (0 - (6 + -3)) - -3
-2
(-2 - 0 - 0) + (-10 - -8)
-4
What is -3 - (5 + (-9 - -1))?
0
What is the value of 1 - 5 - (-5 - 1 - -4)?
-2
What is the value of -8 - (4 + 4 + -10)?
-6
-4 + -2 + 1 + 3 - -2
0
Calculate -1 - (6 + -1) - -2.
-4
Calculate 0 - (-3 - 1 - 0).
4
What is 0 + (1 - 4) + 4 + -3?
-2
Evaluate (3 - (-3 + -3)) + -5.
4
Evaluate 0 - (1 - 1) - -2.
2
-4 - -11 - (-2 + 6) - 2
1
What is 0 - (-2 - 10) - 22?
-10
What is 1 - (-1 + -5 + 3) - 5?
-1
7 + (-2 - (3 + -1 - 1))
4
Evaluate -9 + 1 - (-128 - -117).
3
What is the value of -1 - (-3 + -2 + 5)?
-1
Calculate -12 + -2 + 9 + 5.
0
What is the value of (-8 - (-5 + 13 + -8)) + 14?
6
What is the value of -2 + (-4 - (-16 + 1 - -3))?
6
-2 + (-2 - (0 - 1) - 0)
-3
What is 0 + 2 + 0 - (-14 - -11)?
5
Calculate 11 + -10 + 6 - 2.
5
Calculate (3 - (10 + -3)) + -2.
-6
Evaluate 122 + -126 + 1 + 1 + -1.
-3
Evaluate 3 - 4 - 2 - (2 - 1).
-4
11 + (4 - (5 + 6))
4
What is the value of 1 - (0 + 3) - 1?
-3
Calculate (-1 - (3 - -2)) + 8.
2
What is -1 + 5 - (-18 - -17)?
5
Evaluate 1 + -1 + -8 + 12.
4
Calculate (29 - 28) + (-2 - -2).
1
Calculate -3 - -1 - (5 - 10).
3
-11 + 5 - 1 - -3
-4
Evaluate -11 + (15 - 10) + (-2 - -1).
-7
What is the value of 3 + -1 - (-36 - -35)?
3
What is the value of 11 + -14 + (-1 - -3)?
-1
What is the value of (2 - 6) + 1 + 5?
2
Calculate 62 - 69 - (2 + -2 + 0).
-7
Evaluate -6 + (9 - -2 - (5 - 0)).
0
Calculate -23 - (-3 + -3) - -9.
-8
Evaluate -51 + 49 - (-2 - (-1 + -1)).
-2
Evaluate -5 + 5 + -5 + 3.
-2
Calculate (-5 - -11 - 1 - 5) + 2.
2
Calculate 7 - (5 + 12 - 7).
-3
Calculate 5 + (0 + -4 - -1).
2
What is (9 - 8 - 7) + (4 - 0)?
-2
Calculate (6 - 3 - -2) + -3 + -1.
1
-4 + 1 + -7 + 1 + 5
-4
Evaluate 1 + -1 + (14 - 11).
3
Evaluate -19 + 14 + 4 + -1.
-2
What is the value of (13 - 16) + -2 + (2 - -11)?
8
Evaluate 9 + (-3 - 19) + 7.
-6
What is -11 - ((-9 + 7 - 7) + 7)?
-9
What is the value of 2 - ((-3 - 0) + 1 + 4)?
0
6 - (8 - (7 - 4 - 1))
0
What is the value of -5 + (1 - (-22 - -9))?
9
Evaluate -3 + (3 - -3 - 6).
-3
What is -5 + (-9 + 7 - -2)?
-5
(-9 - -6) + -2 + -3 + 3
-5
Calculate -3 + (-5 + 8 - -1).
1
Calculate 0 + (-7 - (1 + 4 - 10)).
-2
Evaluate (-3 - -7 - (-1 - -3)) + 2.
4
Evaluate -6 - 0 - (-1 + -1).
-4
What is the value of 1 + 2 + (-10 - -8)?
1
3 + 3 + -7 + -4
-5
-4 + 7 - (1 + 3)
-1
Calculate 42 + -51 - (0 + -9).
0
(2 - (-3 + 6)) + -3 - -3
-1
Calculate -2 + -1 - (-1 + -1) - 0.
-1
Evaluate -3 - ((6 - 2) + -7).
0
-1 - (-1 + (-6 - (-6 - -3)))
3
-5 + 1 + (7 - (5 + 1))
-3
-4 + (-4 - -9) - 0 - -1
2
Evaluate 10 + 0 + -3 + -2.
5
What is 1 - 23 - (8 - 19)?
-11
What is the value of -22 + 11 - -20 - 2?
7
What is the value of -8 + (2 - (-4 + 1))?
-3
What is -3 - -5 - (-6 - (-2 - 0))?
6
What is the value of (-7 - (-1 - (10 - 4))) + 3?
3
What is the value of -15 - (-11 - -21) - -15?
-10
What is the value of -8 + (2 - 0 - -1) + 0?
-5
What is the value of 2 + (-1 - (4 + -7) - 4)?
0
What is the value of (41 - 50) + 1 + 13?
5
What is the value of 4 + -2 + 0 + -8 + 6?
0
(-461 - -464) + (-1 - 0) + -4
-2
What is the value of -4 + (-2 + 5 + -2 - -1)?
-2
What is the value of 1 + -3 + 0 + 2?
0
What is the value of 4 + -4 + 1 + -7 + 2?
-4
-4 + 11 + 3 + -8
2
What is the value of 0 - (-8 + 10 - (-1 - 0))?
-3
Calculate -7 + 0 + (-7 - (-4 + -8)).
-2
What is 1 - (3 - (-4 + 1 + 6))?
1
Calculate 2 - (1 - 1) - -2.
4
Evaluate (-6 - -3) + 2 - 4.
-5
Calculate 2 + (-2 - -1) + 3.
4
Evaluate -1 - -6 - ((-9 - -7) + 3).
4
Evaluate (-5 - -6) + 2 + -6.
-3
What is 2 - (-13 - (-13 - -4))?
6
Evaluate -1 + -2 + 4 + 1.
2
What is 8 + -1 - -1 - (-124 - -137)?
-5
(2 - -1) + (-4 - (0 - -1))
-2
What is the value of 5 + (-15 - (-1 + -4))?
-5
Calculate -9 + 7 - 9 - -7.
-4
Calculate (-4 - -4) + 1 + 0 - 0.
1
What is the value of 1 + (-6 - -4 - (-7 - 1))?
7
Calculate -1 - ((-5 + 0 - -1) + 2).
1
Calculate -10 + (-17 - -27 - (0 - -5)).
-5
3 - 5 - -1 - (0 - 5)
4
What is 16 + -1 - (7 - (4 + -4))?
8
(-6 - -3) + 3 + (3 - 5)
-2
What is 3 + (-4 - 0) + 4?
3
Evaluate (-1 + 2 - 2) + (-18 - -17).
-2
What is -7 + 7 - (-1 + 2)?
-1
(7 - (-5 + 3)) + -12
-3
Calculate 3 + -1 + 1 + (1 - -1).
5
What is the value of 0 - (-3 + 7 + -3)?
-1
Calculate (-55 - -51) + (2 - -9).
7
What is -5 - 1 - (4 + (-2 - 2))?
-6
What is the value of -4 - (-15 - (5 - 14))?
2
4 + (0 - (0 + 4)) + 4
4
10 + (-3 - 2) - 3
2
6 + (4 + 2 + -3 - 6)
3
What is -1 + 1 + -3 - -2?
-1
-1 - 3 - (-6 - (-11 + 4))
-5
Calculate (-3 + 7 - 9) + 11.
6
What is the value of (-4 - -9) + -13 + 5?
-3
Calculate (-3 - -4) + -6 + 3.
-2
Evaluate -11 - (-7 + 11 + -8).
-7
0 + -1 + (-3 - 3 - -2)
-5
What is 